{"id":25,"date":"2020-09-29T14:43:27","date_gmt":"2020-09-29T12:43:27","guid":{"rendered":"https:\/\/www.rw-medizintechnik.at\/?page_id=25"},"modified":"2020-11-18T13:34:25","modified_gmt":"2020-11-18T12:34:25","slug":"ueber-uns","status":"publish","type":"page","link":"https:\/\/www.rw-medizintechnik.at\/?page_id=25","title":{"rendered":"\u00dcber uns"},"content":{"rendered":"\n<p>Seit 2008 ist unser Firmengr\u00fcnder Herr Robert Windisch mit seiner Firma <strong>RW Medizintechnik<\/strong> Edelstahl und Aluminiumhandwerk im Bereich der Medizintechnik erfolgreich t\u00e4tig.<br><br>Der Fokus der Firma liegt in der Entwicklung und Fertigung von Individual L\u00f6sungen \u2013 <strong>\u201eMade in Austria\u201c<\/strong>.<\/p>\n\n\n\n<p>Als zukunftsorientiertes Unternehmen haben wir uns im Oktober 2020 dazu entschlossen, unsere Vertriebswege mit dem Handel von Medizintechnischen Produkten zu erweitern.<\/p>\n\n\n\n<p>Wir sind ein junges, motiviertes, innovatives und aufstrebendes Unternehmen, welches gemeinsam mit unseren renommierten Herstellern langfristig mit Qualit\u00e4t \u00fcberzeugen m\u00f6chte.<br><br>F\u00fcr unsere Kunden m\u00f6chten wir ein zuverl\u00e4ssiger, kompetenter und gewinnbringender Partner sein.<\/p>\n","protected":false},"excerpt":{"rendered":"<p>Seit 2008 ist unser Firmengr\u00fcnder Herr Robert Windisch mit seiner Firma RW Medizintechnik Edelstahl und Aluminiumhandwerk im Bereich der Medizintechnik erfolgreich t\u00e4tig. Der Fokus der Firma liegt in der Entwicklung und Fertigung von Individual L\u00f6sungen \u2013 \u201eMade in Austria\u201c. Als zukunftsorientiertes Unternehmen haben wir uns im Oktober 2020 dazu entschlossen, unsere Vertriebswege mit dem Handel &hellip; <\/p>\n<p class=\"link-more\"><a href=\"https:\/\/www.rw-medizintechnik.at\/?page_id=25\" class=\"more-link\"><span class=\"screen-reader-text\">\u201e\u00dcber uns\u201c<\/span> weiterlesen<\/a><\/p>\n","protected":false},"author":2,"featured_media":0,"parent":0,"menu_order":0,"comment_status":"closed","ping_status":"closed","template":"","meta":{"ngg_post_thumbnail":0,"footnotes":""},"class_list":["post-25","page","type-page","status-publish","hentry"],"_links":{"self":[{"href":"https:\/\/www.rw-medizintechnik.at\/index.php?rest_route=\/wp\/v2\/pages\/25","targetHints":{"allow":["GET"]}}],"collection":[{"href":"https:\/\/www.rw-medizintechnik.at\/index.php?rest_route=\/wp\/v2\/pages"}],"about":[{"href":"https:\/\/www.rw-medizintechnik.at\/index.php?rest_route=\/wp\/v2\/types\/page"}],"author":[{"embeddable":true,"href":"https:\/\/www.rw-medizintechnik.at\/index.php?rest_route=\/wp\/v2\/users\/2"}],"replies":[{"embeddable":true,"href":"https:\/\/www.rw-medizintechnik.at\/index.php?rest_route=%2Fwp%2Fv2%2Fcomments&post=25"}],"version-history":[{"count":6,"href":"https:\/\/www.rw-medizintechnik.at\/index.php?rest_route=\/wp\/v2\/pages\/25\/revisions"}],"predecessor-version":[{"id":401,"href":"https:\/\/www.rw-medizintechnik.at\/index.php?rest_route=\/wp\/v2\/pages\/25\/revisions\/401"}],"wp:attachment":[{"href":"https:\/\/www.rw-medizintechnik.at\/index.php?rest_route=%2Fwp%2Fv2%2Fmedia&parent=25"}],"curies":[{"name":"wp","href":"https:\/\/api.w.org\/{rel}","templated":true}]}}